{"id":58,"date":"2025-08-05T07:51:11","date_gmt":"2025-08-05T07:51:11","guid":{"rendered":"https:\/\/restaurantembrasa.pt\/blog\/?page_id=58"},"modified":"2025-08-25T09:13:41","modified_gmt":"2025-08-25T09:13:41","slug":"brasa-marina-povoa-varzim","status":"publish","type":"page","link":"https:\/\/restaurantembrasa.pt\/blog\/","title":{"rendered":"Blog"},"content":{"rendered":"\t\t<div data-elementor-type=\"wp-page\" data-elementor-id=\"58\" class=\"elementor elementor-58\" data-elementor-post-type=\"page\">\n\t\t\t\t<div class=\"elementor-element elementor-element-edd26b3 e-flex e-con-boxed e-con e-parent\" data-id=\"edd26b3\" data-element_type=\"container\">\n\t\t\t\t\t<div class=\"e-con-inner\">\n\t\t\t\t<div class=\"elementor-element elementor-element-1637430 elementor-widget elementor-widget-spacer\" data-id=\"1637430\" data-element_type=\"widget\" data-widget_type=\"spacer.default\">\n\t\t\t\t<div class=\"elementor-widget-container\">\n\t\t\t\t\t\t\t<div class=\"elementor-spacer\">\n\t\t\t<div class=\"elementor-spacer-inner\"><\/div>\n\t\t<\/div>\n\t\t\t\t\t\t<\/div>\n\t\t\t\t<\/div>\n\t\t\t\t<div class=\"elementor-element elementor-element-3c4c828 elementor-widget elementor-widget-heading\" data-id=\"3c4c828\" data-element_type=\"widget\" data-widget_type=\"heading.default\">\n\t\t\t\t<div class=\"elementor-widget-container\">\n\t\t\t\t\t<h1 class=\"elementor-heading-title elementor-size-default\">Sabores que d\u00e3o gosto ler<\/h1>\t\t\t\t<\/div>\n\t\t\t\t<\/div>\n\t\t\t\t<div class=\"elementor-element elementor-element-2ece7c2 elementor-widget elementor-widget-text-editor\" data-id=\"2ece7c2\" data-element_type=\"widget\" data-widget_type=\"text-editor.default\">\n\t\t\t\t<div class=\"elementor-widget-container\">\n\t\t\t\t\t\t\t\t\t<p>No Blog do restaurante M Brasa, na Marina da P\u00f3voa de Varzim, partilhamos dicas gastron\u00f3micas, receitas e bastidores do melhor da grelha: carne maturada, peixe fresco e marisco da nossa montra. Descobre sabores \u00fanicos do norte de Portugal e vive a experi\u00eancia MBrasa \u00e0 mesa!<\/p>\t\t\t\t\t\t\t\t<\/div>\n\t\t\t\t<\/div>\n\t\t\t\t\t<\/div>\n\t\t\t\t<\/div>\n\t\t<div class=\"elementor-element elementor-element-7122442 e-flex e-con-boxed e-con e-parent\" data-id=\"7122442\" data-element_type=\"container\">\n\t\t\t\t\t<div class=\"e-con-inner\">\n\t\t\t\t<div class=\"elementor-element elementor-element-47a3d11 elementor-grid-3 elementor-grid-tablet-2 elementor-grid-mobile-1 elementor-posts--thumbnail-top elementor-widget elementor-widget-posts\" data-id=\"47a3d11\" data-element_type=\"widget\" data-settings=\"{&quot;classic_columns&quot;:&quot;3&quot;,&quot;classic_columns_tablet&quot;:&quot;2&quot;,&quot;classic_columns_mobile&quot;:&quot;1&quot;,&quot;classic_row_gap&quot;:{&quot;unit&quot;:&quot;px&quot;,&quot;size&quot;:35,&quot;sizes&quot;:[]},&quot;classic_row_gap_tablet&quot;:{&quot;unit&quot;:&quot;px&quot;,&quot;size&quot;:&quot;&quot;,&quot;sizes&quot;:[]},&quot;classic_row_gap_mobile&quot;:{&quot;unit&quot;:&quot;px&quot;,&quot;size&quot;:&quot;&quot;,&quot;sizes&quot;:[]}}\" data-widget_type=\"posts.classic\">\n\t\t\t\t<div class=\"elementor-widget-container\">\n\t\t\t\t\t\t\t<div class=\"elementor-posts-container elementor-posts elementor-posts--skin-classic elementor-grid\" role=\"list\">\n\t\t\t\t<article class=\"elementor-post elementor-grid-item post-204 post type-post status-publish format-standard has-post-thumbnail hentry category-blog\" role=\"listitem\">\n\t\t\t\t<a class=\"elementor-post__thumbnail__link\" href=\"https:\/\/restaurantembrasa.pt\/blog\/o-que-comer-e-beber-no-mes-mais-especial-do-ano\/\" tabindex=\"-1\" >\n\t\t\t<div class=\"elementor-post__thumbnail\"><img fetchpriority=\"high\" decoding=\"async\" width=\"300\" height=\"200\" src=\"https:\/\/restaurantembrasa.pt\/blog\/wp-content\/uploads\/2025\/12\/O-que-comer-e-beber-no-mes-mais-especial-do-ano-2-300x200.png\" class=\"attachment-medium size-medium wp-image-221\" alt=\"\" srcset=\"https:\/\/restaurantembrasa.pt\/blog\/wp-content\/uploads\/2025\/12\/O-que-comer-e-beber-no-mes-mais-especial-do-ano-2-300x200.png 300w, https:\/\/restaurantembrasa.pt\/blog\/wp-content\/uploads\/2025\/12\/O-que-comer-e-beber-no-mes-mais-especial-do-ano-2-1024x683.png 1024w, https:\/\/restaurantembrasa.pt\/blog\/wp-content\/uploads\/2025\/12\/O-que-comer-e-beber-no-mes-mais-especial-do-ano-2-768x512.png 768w, https:\/\/restaurantembrasa.pt\/blog\/wp-content\/uploads\/2025\/12\/O-que-comer-e-beber-no-mes-mais-especial-do-ano-2.png 1080w\" sizes=\"(max-width: 300px) 100vw, 300px\" \/><\/div>\n\t\t<\/a>\n\t\t\t\t<div class=\"elementor-post__text\">\n\t\t\t\t<h3 class=\"elementor-post__title\">\n\t\t\t<a href=\"https:\/\/restaurantembrasa.pt\/blog\/o-que-comer-e-beber-no-mes-mais-especial-do-ano\/\" >\n\t\t\t\tO que comer e beber no m\u00eas mais especial do ano: as sugest\u00f5es imperd\u00edveis do M Brasa para o seu Natal e Ano Novo\t\t\t<\/a>\n\t\t<\/h3>\n\t\t\t\t<div class=\"elementor-post__meta-data\">\n\t\t\t\t\t<span class=\"elementor-post-date\">\n\t\t\tnovembro 25, 2025\t\t<\/span>\n\t\t\t\t<\/div>\n\t\t\n\t\t<a class=\"elementor-post__read-more\" href=\"https:\/\/restaurantembrasa.pt\/blog\/o-que-comer-e-beber-no-mes-mais-especial-do-ano\/\" aria-label=\"Leia mais sobre O que comer e beber no m\u00eas mais especial do ano: as sugest\u00f5es imperd\u00edveis do M Brasa para o seu Natal e Ano Novo\" tabindex=\"-1\" >\n\t\t\tLer mais\t\t<\/a>\n\n\t\t\t\t<\/div>\n\t\t\t\t<\/article>\n\t\t\t\t<article class=\"elementor-post elementor-grid-item post-158 post type-post status-publish format-standard has-post-thumbnail hentry category-blog\" role=\"listitem\">\n\t\t\t\t<a class=\"elementor-post__thumbnail__link\" href=\"https:\/\/restaurantembrasa.pt\/blog\/o-melhor-peixe-e-marisco-da-costa-da-povoa-de-varzim\/\" tabindex=\"-1\" >\n\t\t\t<div class=\"elementor-post__thumbnail\"><img decoding=\"async\" width=\"300\" height=\"200\" src=\"https:\/\/restaurantembrasa.pt\/blog\/wp-content\/uploads\/2025\/11\/O-melhor-Peixe-e-Marisco-da-costa-da-Povoa-de-Varzim-300x200.jpg\" class=\"attachment-medium size-medium wp-image-161\" alt=\"O melhor Peixe e Marisco da costa da P\u00f3voa de Varzim\" srcset=\"https:\/\/restaurantembrasa.pt\/blog\/wp-content\/uploads\/2025\/11\/O-melhor-Peixe-e-Marisco-da-costa-da-Povoa-de-Varzim-300x200.jpg 300w, https:\/\/restaurantembrasa.pt\/blog\/wp-content\/uploads\/2025\/11\/O-melhor-Peixe-e-Marisco-da-costa-da-Povoa-de-Varzim-1024x683.jpg 1024w, https:\/\/restaurantembrasa.pt\/blog\/wp-content\/uploads\/2025\/11\/O-melhor-Peixe-e-Marisco-da-costa-da-Povoa-de-Varzim-768x512.jpg 768w, https:\/\/restaurantembrasa.pt\/blog\/wp-content\/uploads\/2025\/11\/O-melhor-Peixe-e-Marisco-da-costa-da-Povoa-de-Varzim.jpg 1080w\" sizes=\"(max-width: 300px) 100vw, 300px\" \/><\/div>\n\t\t<\/a>\n\t\t\t\t<div class=\"elementor-post__text\">\n\t\t\t\t<h3 class=\"elementor-post__title\">\n\t\t\t<a href=\"https:\/\/restaurantembrasa.pt\/blog\/o-melhor-peixe-e-marisco-da-costa-da-povoa-de-varzim\/\" >\n\t\t\t\tO melhor Peixe e Marisco da costa da P\u00f3voa de Varzim\t\t\t<\/a>\n\t\t<\/h3>\n\t\t\t\t<div class=\"elementor-post__meta-data\">\n\t\t\t\t\t<span class=\"elementor-post-date\">\n\t\t\tnovembro 4, 2025\t\t<\/span>\n\t\t\t\t<\/div>\n\t\t\n\t\t<a class=\"elementor-post__read-more\" href=\"https:\/\/restaurantembrasa.pt\/blog\/o-melhor-peixe-e-marisco-da-costa-da-povoa-de-varzim\/\" aria-label=\"Leia mais sobre O melhor Peixe e Marisco da costa da P\u00f3voa de Varzim\" tabindex=\"-1\" >\n\t\t\tLer mais\t\t<\/a>\n\n\t\t\t\t<\/div>\n\t\t\t\t<\/article>\n\t\t\t\t<article class=\"elementor-post elementor-grid-item post-134 post type-post status-publish format-standard has-post-thumbnail hentry category-blog\" role=\"listitem\">\n\t\t\t\t<a class=\"elementor-post__thumbnail__link\" href=\"https:\/\/restaurantembrasa.pt\/blog\/povoa-de-varzim-tradicao-mar-e-gastronomia\/\" tabindex=\"-1\" >\n\t\t\t<div class=\"elementor-post__thumbnail\"><img decoding=\"async\" width=\"300\" height=\"169\" src=\"https:\/\/restaurantembrasa.pt\/blog\/wp-content\/uploads\/2025\/10\/Carne-e-Peixe-na-brasa-MBrasa-Povoa-de-Varzim-300x169.webp\" class=\"attachment-medium size-medium wp-image-185\" alt=\"Carne e Peixe na brasa - MBrasa, Po\u0301voa de Varzim\" srcset=\"https:\/\/restaurantembrasa.pt\/blog\/wp-content\/uploads\/2025\/10\/Carne-e-Peixe-na-brasa-MBrasa-Povoa-de-Varzim-300x169.webp 300w, https:\/\/restaurantembrasa.pt\/blog\/wp-content\/uploads\/2025\/10\/Carne-e-Peixe-na-brasa-MBrasa-Povoa-de-Varzim-1024x576.webp 1024w, https:\/\/restaurantembrasa.pt\/blog\/wp-content\/uploads\/2025\/10\/Carne-e-Peixe-na-brasa-MBrasa-Povoa-de-Varzim-768x432.webp 768w, https:\/\/restaurantembrasa.pt\/blog\/wp-content\/uploads\/2025\/10\/Carne-e-Peixe-na-brasa-MBrasa-Povoa-de-Varzim-1536x864.webp 1536w, https:\/\/restaurantembrasa.pt\/blog\/wp-content\/uploads\/2025\/10\/Carne-e-Peixe-na-brasa-MBrasa-Povoa-de-Varzim.webp 1920w\" sizes=\"(max-width: 300px) 100vw, 300px\" \/><\/div>\n\t\t<\/a>\n\t\t\t\t<div class=\"elementor-post__text\">\n\t\t\t\t<h3 class=\"elementor-post__title\">\n\t\t\t<a href=\"https:\/\/restaurantembrasa.pt\/blog\/povoa-de-varzim-tradicao-mar-e-gastronomia\/\" >\n\t\t\t\tP\u00f3voa de Varzim: Tradi\u00e7\u00e3o, Mar e Gastronomia\t\t\t<\/a>\n\t\t<\/h3>\n\t\t\t\t<div class=\"elementor-post__meta-data\">\n\t\t\t\t\t<span class=\"elementor-post-date\">\n\t\t\toutubro 1, 2025\t\t<\/span>\n\t\t\t\t<\/div>\n\t\t\n\t\t<a class=\"elementor-post__read-more\" href=\"https:\/\/restaurantembrasa.pt\/blog\/povoa-de-varzim-tradicao-mar-e-gastronomia\/\" aria-label=\"Leia mais sobre P\u00f3voa de Varzim: Tradi\u00e7\u00e3o, Mar e Gastronomia\" tabindex=\"-1\" >\n\t\t\tLer mais\t\t<\/a>\n\n\t\t\t\t<\/div>\n\t\t\t\t<\/article>\n\t\t\t\t<article class=\"elementor-post elementor-grid-item post-128 post type-post status-publish format-standard has-post-thumbnail hentry category-blog\" role=\"listitem\">\n\t\t\t\t<a class=\"elementor-post__thumbnail__link\" href=\"https:\/\/restaurantembrasa.pt\/blog\/sugestao-semana-m-brasa-povoa-varzim\/\" tabindex=\"-1\" >\n\t\t\t<div class=\"elementor-post__thumbnail\"><img loading=\"lazy\" decoding=\"async\" width=\"300\" height=\"169\" src=\"https:\/\/restaurantembrasa.pt\/blog\/wp-content\/uploads\/2025\/09\/Carnes-MBrasa-Povoa-de-Varzim-300x169.webp\" class=\"attachment-medium size-medium wp-image-187\" alt=\"Carnes - MBrasa, Po\u0301voa de Varzim\" srcset=\"https:\/\/restaurantembrasa.pt\/blog\/wp-content\/uploads\/2025\/09\/Carnes-MBrasa-Povoa-de-Varzim-300x169.webp 300w, https:\/\/restaurantembrasa.pt\/blog\/wp-content\/uploads\/2025\/09\/Carnes-MBrasa-Povoa-de-Varzim-1024x576.webp 1024w, https:\/\/restaurantembrasa.pt\/blog\/wp-content\/uploads\/2025\/09\/Carnes-MBrasa-Povoa-de-Varzim-768x432.webp 768w, https:\/\/restaurantembrasa.pt\/blog\/wp-content\/uploads\/2025\/09\/Carnes-MBrasa-Povoa-de-Varzim-1536x864.webp 1536w, https:\/\/restaurantembrasa.pt\/blog\/wp-content\/uploads\/2025\/09\/Carnes-MBrasa-Povoa-de-Varzim.webp 1920w\" sizes=\"(max-width: 300px) 100vw, 300px\" \/><\/div>\n\t\t<\/a>\n\t\t\t\t<div class=\"elementor-post__text\">\n\t\t\t\t<h3 class=\"elementor-post__title\">\n\t\t\t<a href=\"https:\/\/restaurantembrasa.pt\/blog\/sugestao-semana-m-brasa-povoa-varzim\/\" >\n\t\t\t\tSugest\u00e3o da Semana no M Brasa: Sabores Aut\u00eanticos na P\u00f3voa de Varzim\t\t\t<\/a>\n\t\t<\/h3>\n\t\t\t\t<div class=\"elementor-post__meta-data\">\n\t\t\t\t\t<span class=\"elementor-post-date\">\n\t\t\tsetembro 5, 2025\t\t<\/span>\n\t\t\t\t<\/div>\n\t\t\n\t\t<a class=\"elementor-post__read-more\" href=\"https:\/\/restaurantembrasa.pt\/blog\/sugestao-semana-m-brasa-povoa-varzim\/\" aria-label=\"Leia mais sobre Sugest\u00e3o da Semana no M Brasa: Sabores Aut\u00eanticos na P\u00f3voa de Varzim\" tabindex=\"-1\" >\n\t\t\tLer mais\t\t<\/a>\n\n\t\t\t\t<\/div>\n\t\t\t\t<\/article>\n\t\t\t\t<article class=\"elementor-post elementor-grid-item post-101 post type-post status-publish format-standard has-post-thumbnail hentry category-blog\" role=\"listitem\">\n\t\t\t\t<a class=\"elementor-post__thumbnail__link\" href=\"https:\/\/restaurantembrasa.pt\/blog\/francesinha-especial-na-povoa-de-varzim-tradicao-e-sabor-e-no-m-brasa\/\" tabindex=\"-1\" >\n\t\t\t<div class=\"elementor-post__thumbnail\"><img loading=\"lazy\" decoding=\"async\" width=\"300\" height=\"169\" src=\"https:\/\/restaurantembrasa.pt\/blog\/wp-content\/uploads\/2025\/10\/Francesinha-MBrasa-Povoa-de-Varzim-300x169.webp\" class=\"attachment-medium size-medium wp-image-186\" alt=\"Francesinha - MBrasa, Po\u0301voa de Varzim\" srcset=\"https:\/\/restaurantembrasa.pt\/blog\/wp-content\/uploads\/2025\/10\/Francesinha-MBrasa-Povoa-de-Varzim-300x169.webp 300w, https:\/\/restaurantembrasa.pt\/blog\/wp-content\/uploads\/2025\/10\/Francesinha-MBrasa-Povoa-de-Varzim-1024x576.webp 1024w, https:\/\/restaurantembrasa.pt\/blog\/wp-content\/uploads\/2025\/10\/Francesinha-MBrasa-Povoa-de-Varzim-768x432.webp 768w, https:\/\/restaurantembrasa.pt\/blog\/wp-content\/uploads\/2025\/10\/Francesinha-MBrasa-Povoa-de-Varzim-1536x864.webp 1536w, https:\/\/restaurantembrasa.pt\/blog\/wp-content\/uploads\/2025\/10\/Francesinha-MBrasa-Povoa-de-Varzim.webp 1920w\" sizes=\"(max-width: 300px) 100vw, 300px\" \/><\/div>\n\t\t<\/a>\n\t\t\t\t<div class=\"elementor-post__text\">\n\t\t\t\t<h3 class=\"elementor-post__title\">\n\t\t\t<a href=\"https:\/\/restaurantembrasa.pt\/blog\/francesinha-especial-na-povoa-de-varzim-tradicao-e-sabor-e-no-m-brasa\/\" >\n\t\t\t\tFrancesinha Especial na P\u00f3voa de Varzim: Tradi\u00e7\u00e3o e Sabor \u00e9 no M Brasa\t\t\t<\/a>\n\t\t<\/h3>\n\t\t\t\t<div class=\"elementor-post__meta-data\">\n\t\t\t\t\t<span class=\"elementor-post-date\">\n\t\t\tagosto 25, 2025\t\t<\/span>\n\t\t\t\t<\/div>\n\t\t\n\t\t<a class=\"elementor-post__read-more\" href=\"https:\/\/restaurantembrasa.pt\/blog\/francesinha-especial-na-povoa-de-varzim-tradicao-e-sabor-e-no-m-brasa\/\" aria-label=\"Leia mais sobre Francesinha Especial na P\u00f3voa de Varzim: Tradi\u00e7\u00e3o e Sabor \u00e9 no M Brasa\" tabindex=\"-1\" >\n\t\t\tLer mais\t\t<\/a>\n\n\t\t\t\t<\/div>\n\t\t\t\t<\/article>\n\t\t\t\t<\/div>\n\t\t\n\t\t\t\t\t\t<\/div>\n\t\t\t\t<\/div>\n\t\t\t\t\t<\/div>\n\t\t\t\t<\/div>\n\t\t\t\t<\/div>\n\t\t","protected":false},"excerpt":{"rendered":"<p>Sabores que d\u00e3o gosto ler No Blog do restaurante M Brasa, na Marina da P\u00f3voa de Varzim, partilhamos dicas gastron\u00f3micas, receitas e bastidores do melhor<\/p>\n","protected":false},"author":1,"featured_media":85,"parent":0,"menu_order":0,"comment_status":"closed","ping_status":"closed","template":"elementor_canvas","meta":{"_kadence_starter_templates_imported_post":false,"_kad_post_transparent":"default","_kad_post_title":"hide","_kad_post_layout":"fullwidth","_kad_post_sidebar_id":"","_kad_post_content_style":"unboxed","_kad_post_vertical_padding":"hide","_kad_post_feature":"hide","_kad_post_feature_position":"","_kad_post_header":false,"_kad_post_footer":false,"footnotes":""},"class_list":["post-58","page","type-page","status-publish","has-post-thumbnail","hentry"],"yoast_head":"<!-- This site is optimized with the Yoast SEO plugin v26.2 - https:\/\/yoast.com\/wordpress\/plugins\/seo\/ -->\n<title>Blog - Restaurante M&#039;Brasa<\/title>\n<meta name=\"description\" content=\"Descobre tudo sobre a brasa na marina da P\u00f3voa de Varzim no restaurante M Brasa: carne maturada, peixe fresco na grelha e marisco selecionado da nossa montra \u2014 sabores aut\u00eanticos, como manda a tradi\u00e7\u00e3o!\" \/>\n<meta name=\"robots\" content=\"index, follow, max-snippet:-1, max-image-preview:large, max-video-preview:-1\" \/>\n<link rel=\"canonical\" href=\"https:\/\/restaurantembrasa.pt\/blog\/\" \/>\n<meta property=\"og:locale\" content=\"pt_BR\" \/>\n<meta property=\"og:type\" content=\"article\" \/>\n<meta property=\"og:title\" content=\"Blog - Restaurante M&#039;Brasa\" \/>\n<meta property=\"og:description\" content=\"Descobre tudo sobre a brasa na marina da P\u00f3voa de Varzim no restaurante M Brasa: carne maturada, peixe fresco na grelha e marisco selecionado da nossa montra \u2014 sabores aut\u00eanticos, como manda a tradi\u00e7\u00e3o!\" \/>\n<meta property=\"og:url\" content=\"https:\/\/restaurantembrasa.pt\/blog\/\" \/>\n<meta property=\"og:site_name\" content=\"Restaurante M&#039;Brasa\" \/>\n<meta property=\"article:modified_time\" content=\"2025-08-25T09:13:41+00:00\" \/>\n<meta property=\"og:image\" content=\"https:\/\/restaurantembrasa.pt\/blog\/wp-content\/uploads\/2025\/08\/mbrasa-brasa-2-scaled.jpg\" \/>\n\t<meta property=\"og:image:width\" content=\"1928\" \/>\n\t<meta property=\"og:image:height\" content=\"2560\" \/>\n\t<meta property=\"og:image:type\" content=\"image\/jpeg\" \/>\n<meta name=\"twitter:card\" content=\"summary_large_image\" \/>\n<meta name=\"twitter:label1\" content=\"Est. tempo de leitura\" \/>\n\t<meta name=\"twitter:data1\" content=\"1 minuto\" \/>\n<script type=\"application\/ld+json\" class=\"yoast-schema-graph\">{\"@context\":\"https:\/\/schema.org\",\"@graph\":[{\"@type\":\"WebPage\",\"@id\":\"https:\/\/restaurantembrasa.pt\/blog\/\",\"url\":\"https:\/\/restaurantembrasa.pt\/blog\/\",\"name\":\"Blog - Restaurante M&#039;Brasa\",\"isPartOf\":{\"@id\":\"https:\/\/restaurantembrasa.pt\/blog\/#website\"},\"primaryImageOfPage\":{\"@id\":\"https:\/\/restaurantembrasa.pt\/blog\/#primaryimage\"},\"image\":{\"@id\":\"https:\/\/restaurantembrasa.pt\/blog\/#primaryimage\"},\"thumbnailUrl\":\"https:\/\/restaurantembrasa.pt\/blog\/wp-content\/uploads\/2025\/08\/mbrasa-brasa-2-scaled.jpg\",\"datePublished\":\"2025-08-05T07:51:11+00:00\",\"dateModified\":\"2025-08-25T09:13:41+00:00\",\"description\":\"Descobre tudo sobre a brasa na marina da P\u00f3voa de Varzim no restaurante M Brasa: carne maturada, peixe fresco na grelha e marisco selecionado da nossa montra \u2014 sabores aut\u00eanticos, como manda a tradi\u00e7\u00e3o!\",\"breadcrumb\":{\"@id\":\"https:\/\/restaurantembrasa.pt\/blog\/#breadcrumb\"},\"inLanguage\":\"pt-BR\",\"potentialAction\":[{\"@type\":\"ReadAction\",\"target\":[\"https:\/\/restaurantembrasa.pt\/blog\/\"]}]},{\"@type\":\"ImageObject\",\"inLanguage\":\"pt-BR\",\"@id\":\"https:\/\/restaurantembrasa.pt\/blog\/#primaryimage\",\"url\":\"https:\/\/restaurantembrasa.pt\/blog\/wp-content\/uploads\/2025\/08\/mbrasa-brasa-2-scaled.jpg\",\"contentUrl\":\"https:\/\/restaurantembrasa.pt\/blog\/wp-content\/uploads\/2025\/08\/mbrasa-brasa-2-scaled.jpg\",\"width\":1928,\"height\":2560},{\"@type\":\"BreadcrumbList\",\"@id\":\"https:\/\/restaurantembrasa.pt\/blog\/#breadcrumb\",\"itemListElement\":[{\"@type\":\"ListItem\",\"position\":1,\"name\":\"In\u00edcio\",\"item\":\"https:\/\/restaurantembrasa.pt\/blog\/\"},{\"@type\":\"ListItem\",\"position\":2,\"name\":\"Blog\"}]},{\"@type\":\"WebSite\",\"@id\":\"https:\/\/restaurantembrasa.pt\/blog\/#website\",\"url\":\"https:\/\/restaurantembrasa.pt\/blog\/\",\"name\":\"Restaurante M&#039;Brasa\",\"description\":\"\",\"potentialAction\":[{\"@type\":\"SearchAction\",\"target\":{\"@type\":\"EntryPoint\",\"urlTemplate\":\"https:\/\/restaurantembrasa.pt\/blog\/?s={search_term_string}\"},\"query-input\":{\"@type\":\"PropertyValueSpecification\",\"valueRequired\":true,\"valueName\":\"search_term_string\"}}],\"inLanguage\":\"pt-BR\"}]}<\/script>\n<!-- \/ Yoast SEO plugin. -->","yoast_head_json":{"title":"Blog - Restaurante M&#039;Brasa","description":"Descobre tudo sobre a brasa na marina da P\u00f3voa de Varzim no restaurante M Brasa: carne maturada, peixe fresco na grelha e marisco selecionado da nossa montra \u2014 sabores aut\u00eanticos, como manda a tradi\u00e7\u00e3o!","robots":{"index":"index","follow":"follow","max-snippet":"max-snippet:-1","max-image-preview":"max-image-preview:large","max-video-preview":"max-video-preview:-1"},"canonical":"https:\/\/restaurantembrasa.pt\/blog\/","og_locale":"pt_BR","og_type":"article","og_title":"Blog - Restaurante M&#039;Brasa","og_description":"Descobre tudo sobre a brasa na marina da P\u00f3voa de Varzim no restaurante M Brasa: carne maturada, peixe fresco na grelha e marisco selecionado da nossa montra \u2014 sabores aut\u00eanticos, como manda a tradi\u00e7\u00e3o!","og_url":"https:\/\/restaurantembrasa.pt\/blog\/","og_site_name":"Restaurante M&#039;Brasa","article_modified_time":"2025-08-25T09:13:41+00:00","og_image":[{"width":1928,"height":2560,"url":"https:\/\/restaurantembrasa.pt\/blog\/wp-content\/uploads\/2025\/08\/mbrasa-brasa-2-scaled.jpg","type":"image\/jpeg"}],"twitter_card":"summary_large_image","twitter_misc":{"Est. tempo de leitura":"1 minuto"},"schema":{"@context":"https:\/\/schema.org","@graph":[{"@type":"WebPage","@id":"https:\/\/restaurantembrasa.pt\/blog\/","url":"https:\/\/restaurantembrasa.pt\/blog\/","name":"Blog - Restaurante M&#039;Brasa","isPartOf":{"@id":"https:\/\/restaurantembrasa.pt\/blog\/#website"},"primaryImageOfPage":{"@id":"https:\/\/restaurantembrasa.pt\/blog\/#primaryimage"},"image":{"@id":"https:\/\/restaurantembrasa.pt\/blog\/#primaryimage"},"thumbnailUrl":"https:\/\/restaurantembrasa.pt\/blog\/wp-content\/uploads\/2025\/08\/mbrasa-brasa-2-scaled.jpg","datePublished":"2025-08-05T07:51:11+00:00","dateModified":"2025-08-25T09:13:41+00:00","description":"Descobre tudo sobre a brasa na marina da P\u00f3voa de Varzim no restaurante M Brasa: carne maturada, peixe fresco na grelha e marisco selecionado da nossa montra \u2014 sabores aut\u00eanticos, como manda a tradi\u00e7\u00e3o!","breadcrumb":{"@id":"https:\/\/restaurantembrasa.pt\/blog\/#breadcrumb"},"inLanguage":"pt-BR","potentialAction":[{"@type":"ReadAction","target":["https:\/\/restaurantembrasa.pt\/blog\/"]}]},{"@type":"ImageObject","inLanguage":"pt-BR","@id":"https:\/\/restaurantembrasa.pt\/blog\/#primaryimage","url":"https:\/\/restaurantembrasa.pt\/blog\/wp-content\/uploads\/2025\/08\/mbrasa-brasa-2-scaled.jpg","contentUrl":"https:\/\/restaurantembrasa.pt\/blog\/wp-content\/uploads\/2025\/08\/mbrasa-brasa-2-scaled.jpg","width":1928,"height":2560},{"@type":"BreadcrumbList","@id":"https:\/\/restaurantembrasa.pt\/blog\/#breadcrumb","itemListElement":[{"@type":"ListItem","position":1,"name":"In\u00edcio","item":"https:\/\/restaurantembrasa.pt\/blog\/"},{"@type":"ListItem","position":2,"name":"Blog"}]},{"@type":"WebSite","@id":"https:\/\/restaurantembrasa.pt\/blog\/#website","url":"https:\/\/restaurantembrasa.pt\/blog\/","name":"Restaurante M&#039;Brasa","description":"","potentialAction":[{"@type":"SearchAction","target":{"@type":"EntryPoint","urlTemplate":"https:\/\/restaurantembrasa.pt\/blog\/?s={search_term_string}"},"query-input":{"@type":"PropertyValueSpecification","valueRequired":true,"valueName":"search_term_string"}}],"inLanguage":"pt-BR"}]}},"_links":{"self":[{"href":"https:\/\/restaurantembrasa.pt\/blog\/wp-json\/wp\/v2\/pages\/58","targetHints":{"allow":["GET"]}}],"collection":[{"href":"https:\/\/restaurantembrasa.pt\/blog\/wp-json\/wp\/v2\/pages"}],"about":[{"href":"https:\/\/restaurantembrasa.pt\/blog\/wp-json\/wp\/v2\/types\/page"}],"author":[{"embeddable":true,"href":"https:\/\/restaurantembrasa.pt\/blog\/wp-json\/wp\/v2\/users\/1"}],"replies":[{"embeddable":true,"href":"https:\/\/restaurantembrasa.pt\/blog\/wp-json\/wp\/v2\/comments?post=58"}],"version-history":[{"count":28,"href":"https:\/\/restaurantembrasa.pt\/blog\/wp-json\/wp\/v2\/pages\/58\/revisions"}],"predecessor-version":[{"id":127,"href":"https:\/\/restaurantembrasa.pt\/blog\/wp-json\/wp\/v2\/pages\/58\/revisions\/127"}],"wp:featuredmedia":[{"embeddable":true,"href":"https:\/\/restaurantembrasa.pt\/blog\/wp-json\/wp\/v2\/media\/85"}],"wp:attachment":[{"href":"https:\/\/restaurantembrasa.pt\/blog\/wp-json\/wp\/v2\/media?parent=58"}],"curies":[{"name":"wp","href":"https:\/\/api.w.org\/{rel}","templated":true}]}}